is the remainder when 30 is divided by d?
6
Let i(z) = 97*z + 182. Let d be i(-10). Let w = d + 875. Calculate the remainder when w is divided by 22.
21
Let p(j) = j**3 - 85*j**2 + 5*j - 411. What is the remainder when 216 is divided by p(85)?
6
Let k(f) = 2*f**3 + 26*f**2 + 17*f + 132. What is the remainder when k(-12) is divided by 163?
53
Suppose 0 = 2*s + 4, -1594 - 345 = -v + s. Calculate the remainder when v is divided by 35.
12
Let q(f) = 2*f**3 - 4*f**2 + 10*f - 7. Let t(g) = -5*g**3 + 11*g**2 - 29*g + 20. Let j(c) = 8*q(c) + 3*t(c). Calculate the remainder when 89 is divided by j(3).
13
Suppose -11*p - 984 = p. Let k = p - -96. Suppose -2*l + 3 = -l. What is the remainder when k is divided by l?
2
Suppose -2*w = u - 3053, 20*w - 15*w - 7637 = 2*u. What is the remainder when w is divided by 81?
69
Let x(b) = 49*b + 3. Let j be x(6). Let y = -143 + j. Suppose -3*t + 8*t - 195 = 0. Calculate the remainder when y is divided by t.
37
Let v be (-3696)/(-280)*35/2. Suppose -20*z + v = -249. Calculate the remainder when 93 is divided by z.
21
Let d be (1 + 1)/(18/27) + 0. Suppose -5*l - 22 + 295 = -4*i, 123 = 2*l + d*i. What is the remainder when l is divided by 15?
12
Suppose 49 - 1809 = -16*w. Calculate the remainder when w is divided by 14.
12
Let q be (-2150)/250 - (-4)/(-10). What is the remainder when -1*(-71 + 0) + 0/q is divided by 36?
35
Let s = 58 - 52. Suppose s*c - 2 = 28. Suppose m + c = 0, 4*v - 3*v - 37 = m. Calculate the remainder when v is divided by 10.
2
Let r = 2613 + -2555. Calculate the remainder when 2837 is divided by r.
53
Suppose -3*d + 421 - 22 = 0. Let y = 986 + -958. Calculate the remainder when d is divided by y.
21
Suppose -172*w - 3*h = -169*w - 72, -5*w + h = -60. Let b = 104 - 28. Calculate the remainder when b is divided by w.
6
Suppose -5*d + 4*n = -223, -d + 0*n + 39 = 2*n. Let j = d + -5. Suppose 16 = -2*y + j. Calculate the remainder when 41 is divided by y.
8
Let t = 44 - 50. Calculate the remainder when 625/11 - t/33 is divided by 30.
27
Let p = 4907 - 4903. What is the remainder when 161 is divided by p?
1
Suppose 965 = 2*o - 5*j, 2*o - 7*j + 6*j - 977 = 0. Suppose 0*u + 35*u = o. Let a = 70 - 36. What is the remainder when a is divided by u?
6
Let a = -3014 + 3050. What is the remainder when 674 is divided by a?
26
Let t(i) = 7*i + 84. Suppose 5*m = 3*j + 49, 3*j = -2*m - 2*m + 50. Suppose -9*a = -m*a + 28. What is the remainder when a is divided by t(-11)?
0
Let q = 4833 + -4832. What is the remainder when 1787 is divided by q?
0
Let w = 67 - 29. Let q(j) = -866*j - 10958. What is the remainder when q(-13) is divided by w?
34
Let p(n) = n**2 + 4*n - 27. Let c be p(-9). Suppose -2*h = -2*z - 0*h + c, -4*h - 45 = -5*z. Let a = 15 - z. What is the remainder when 11 is divided by a?
5
Suppose -2*q + 5*q = 3*n - 102, -4 = 2*q. Let o = n - 32. Suppose -2*u + 3*t + 114 = o, u + 2*t = 5*u - 220. Calculate the remainder when u is divided by 14.
12
Suppose -5*y + 82 + 63 = 0. Let v(a) = -2*a**3 + 2*a**2 - 7*a - 9. Let m(q) = -q - 1. Let s be m(2). Calculate the remainder when v(s) is divided by y.
26
Suppose -470*k - 16 = -407*k - 79. Suppose -5 - 75 = -2*m. Calculate the remainder when m is divided by k.
0
Let q = 411 - 402. Let r(g) = 10*g - 34. Let s(z) = -2*z**3 + 3*z**2 + 3*z + 3. Calculate the remainder when s(-4) is divided by r(q).
55
Let k(w) be the third derivative of -1/60*w**5 + 19/24*w**4 + 0*w + 0 - 19/6*w**3 - 26*w**2. Calculate the remainder when 122 is divided by k(15).
40
Let f(o) = -26*o + 144. Let h be f(4). Calculate the remainder when 599 is divided by (h/8 - 0) + 9.
11
Let q be 9/((-90)/(-5)) + 14/4. Suppose t - 3*c - 13 = 19, -c = q*t - 193. What is the remainder when t is divided by 9?
2
Calculate the remainder when 13357 is divided by (8/(-3) - -3) + (-248244)/(-1359).
181
Suppose -155*b = -154*b - 5*x - 115, 16 = -2*x. What is the remainder when 908 is divided by b?
8
Suppose 0 = 5*n - 7*n - 2*j + 2, 3*j = -n - 1. What is the remainder when 13/26*(35 - 2/n) is divided by 9?
8
Suppose 356 = 61*t - 742. Calculate the remainder when (3 - t/2) + 900/4 is divided by 44.
43
Suppose -14*w - 682 = -16*w + 5*r, -5*w - 5*r = -1705. Calculate the remainder when w is divided by 163.
15
Let q(g) = 5 + 7 + 4*g**2 - 13 - 3*g. Calculate the remainder when 218 is divided by q(-3).
42
What is the remainder when 389 is divided by (24/4 + -9)*-12?
29
Calculate the remainder when (66/(-10))/((-2)/10) is divided by ((-3)/6)/(60/(-1272)) - 44/(-110).
0
What is the remainder when 2731 - -152 - (-13 + 1) is divided by 53?
33
Suppose -3*o - 1 = 2*j, -14 = 2*j - 4*o - 6. What is the remainder when j/(((-14)/19)/7) is divided by 8?
3
Let h = 151 + -72. Let p = -75 + h. Suppose 0 = r - 4*r, -r = p*k - 104. Calculate the remainder when 128 is divided by k.
24
Let z(k) = 2*k**2 - 2*k + 9. Let y be 27/18 - (-933)/(-6). Let l = y - -178. Calculate the remainder when z(7) is divided by l.
21
Suppose -4*u - 5*z - 34 + 86 = 0, 5*u - 5*z = 110. Let x be 2/(-3) - (-12)/u. Suppose x*w - 9*w = -72. Calculate the remainder when 35 is divided by w.
3
Let z(v) = 7*v**3 + 8*v**2 - 8*v - 15. What is the remainder when z(2) is divided by 24?
9
Let t = 291 - 171. Suppose -5*p - 5*v + t = 0, 2*p - 3 = v + 48. Calculate the remainder when p is divided by 14.
11
Let m(o) = 69*o**3 - 6*o**2 + 7*o - 2. Suppose -2*b = d - 45, 3*b + 4*d - 67 = 2*d. What is the remainder when m(1) is divided by b?
22
Let g(u) = -4*u + 145. Suppose -17*t = -20*t + 96. What is the remainder when g(t) is divided by 1/(-3) - 56/(-6)?
8
Let u(i) = 5 + 5*i + 37*i + 390*i**2 - 386*i**2 + 8. Calculate the remainder when 68 is divided by u(-11).
33
Let o = -81456 - -81472. Suppose 0 = 3*r + 5*z - 990, 0 = -r - 4*z + 21 + 302. What is the remainder when r is divided by o?
15
Let l = -13558 - -26963. What is the remainder when l is divided by 16?
13
Let c(q) = 3*q - 4. Suppose 59*k - 190 - 2135 = -16*k. Calculate the remainder when k is divided by c(3).
1
Let x(b) = -b**2 + 10*b + 86. Let w be x(-6). Let m(o) = o**3 + 9*o**2 - 12*o + 9. Calculate the remainder when m(w) is divided by 16.
13
Let q = 64 + 54. Calculate the remainder when 437 is divided by q.
83
Suppose 4*d - 119 = 461. Let c = d - 69. Suppose 0 = -543*g + 582*g - 429. Calculate the remainder when c is divided by g.
10
Let f(n) = -17*n - 833. What is the remainder when 2004 is divided by f(-50)?
15
Let u(t) = -t + 11. Let w(s) = 12*s - 84. Let a be w(-8). Let d = -163 - a. What is the remainder when d is divided by u(0)?
6
Let w be (36/((-84)/7))/(1/(-2)). Suppose -3*d = -3*j + 24, j - d + 22 = -w*d. Calculate the remainder when 55 is divided by j.
1
Let n = -814 + 832. Suppose 4 - 2 = -2*b, -2*q = 3*b - 421. Suppose q = 10*p - n. Calculate the remainder when p is divided by 8.
7
Suppose y + j + 75 = 313, 5*y + 4*j - 1184 = 0. What is the remainder when y is divided by 73?
13
Suppose -2*p = p - 135. Suppose -10*w - 8 = -12*w. Calculate the remainder when 79 is divided by p + w/(-1) - (1 + -1).
38
Suppose -2*w = 3*g - 182, -2*w + 298 = 6*g - g. Let x(i) = -4*i - 2. What is the remainder when g is divided by x(-3)?
8
Suppose -33*u = -11*u - 66. Suppose 2 + 4 = 3*g, 4*x + u*g - 78 = 0. What is the remainder when 35 is divided by x?
17
Suppose -5*b = 2*n - 931 + 29, 0 = -3*n + 4*b + 1376. Calculate the remainder when n is divided by 84.
36
Let b = -1 + 15. Let t be (-138)/(-24) + -6 + (-267)/4. Let w = 70 + t. Calculate the remainder when b is divided by w.
2
Let d(j) = 22*j**2 + 3*j - 4. Calculate the remainder when 236 is divided by d(-2).
2
Suppose 44 = 4*b + 3*s, 0 = -5*b + 33*s - 28*s + 20. What is the remainder when 23 is divided by 10 - (104/8 - b)?
3
Suppose 8 = -i - 3*o + 79, -4*i + 3*o = -329. Calculate the remainder when 334 is divided by i.
14
Suppose -76*q + 66*q - 111*q + 459437 = 0. Calculate the remainder when q is divided by 540.
17
Let k(a) = a - 1. Let x(b) = 11*b + 8. Let g(h) = -k(h) + x(h). Let t(f) = f**2 - 4*f - 52. Calculate the remainder when g(3) is divided by t(-6).
7
Let l(u) = u**2 - 8*u - 81. Let o be l(-16). Let g = o - 174. Calculate the remainder when g is divided by 22.
19
Calculate the remainder when 173 is divided by 20/(-15)*(13 - -2)*-4.
13
Let d(r) = -r**2 - 3